{"id":14,"date":"2016-01-06T10:48:35","date_gmt":"2016-01-06T10:48:35","guid":{"rendered":"http:\/\/arimep.org\/?page_id=14"},"modified":"2025-12-17T12:53:30","modified_gmt":"2025-12-17T11:53:30","slug":"archives-des-psychologues","status":"publish","type":"page","link":"https:\/\/arimep.org\/","title":{"rendered":"ARIMEP"},"content":{"rendered":"<p>*******************************************************<\/p>\r\n<p><img data-recalc-dims=\"1\" loading=\"lazy\" decoding=\"async\" class=\"attachment-post-thumbnail wp-post-image\" src=\"https:\/\/i0.wp.com\/arimep.org\/wp-content\/uploads\/2016\/01\/logo06.jpg?resize=100%2C103&#038;ssl=1\" sizes=\"auto, (max-width: 709px) 85vw, (max-width: 909px) 67vw, (max-width: 984px) 60vw, (max-width: 1362px) 62vw, 840px\" srcset=\"https:\/\/arimep.org\/wp-content\/uploads\/2016\/01\/logo06-290x300.jpg 290w, https:\/\/arimep.org\/wp-content\/uploads\/2016\/01\/logo06.jpg 462w\" alt=\"logo06\" width=\"100\" height=\"103\"><\/p>\r\n<p><strong>Les buts de l\u2019association ARIMEP sont les suivants :<\/strong><\/p>\r\n<p style=\"text-align: justify;\">\u2022 Recenser et si possible regrouper tous les objets mat\u00e9riels ou immat\u00e9riels appartenant \u00e0 l\u2019\u00c9tat ou \u00e0 des propri\u00e9taires priv\u00e9s ou associatifs et ayant jou\u00e9s dans la recherche, l\u2019enseignement ou la pratique en psychologie, un r\u00f4le.<\/p>\r\n<article id=\"post-1\" class=\"post-1 post type-post status-publish format-standard has-post-thumbnail hentry category-uncategorized\">\r\n<div class=\"entry-content\">\r\n<div class=\"feature\">\r\n<p class=\"jetpack-slideshow-noscript robots-nocontent\">Ce diaporama n\u00e9cessite JavaScript.<\/p><div id=\"gallery-14-1-slideshow\" class=\"jetpack-slideshow-window jetpack-slideshow jetpack-slideshow-black\" data-trans=\"fade\" data-autostart=\"1\" data-gallery=\"[{&quot;src&quot;:&quot;https:\\\/\\\/i0.wp.com\\\/arimep.org\\\/wp-content\\\/uploads\\\/2016\\\/03\\\/Janet.jpg?fit=508%2C472\\u0026ssl=1&quot;,&quot;id&quot;:&quot;359&quot;,&quot;title&quot;:&quot;Janet&quot;,&quot;alt&quot;:&quot;&quot;,&quot;caption&quot;:&quot;JANET P.&quot;,&quot;itemprop&quot;:&quot;image&quot;},{&quot;src&quot;:&quot;https:\\\/\\\/i0.wp.com\\\/arimep.org\\\/wp-content\\\/uploads\\\/2016\\\/03\\\/meyerson.jpg?fit=394%2C382\\u0026ssl=1&quot;,&quot;id&quot;:&quot;355&quot;,&quot;title&quot;:&quot;meyerson&quot;,&quot;alt&quot;:&quot;&quot;,&quot;caption&quot;:&quot;MEYERSON Y.&quot;,&quot;itemprop&quot;:&quot;image&quot;},{&quot;src&quot;:&quot;https:\\\/\\\/i0.wp.com\\\/arimep.org\\\/wp-content\\\/uploads\\\/2016\\\/03\\\/pieron1.jpg?fit=522%2C794\\u0026ssl=1&quot;,&quot;id&quot;:&quot;354&quot;,&quot;title&quot;:&quot;pieron1&quot;,&quot;alt&quot;:&quot;&quot;,&quot;caption&quot;:&quot;PIERON H.&quot;,&quot;itemprop&quot;:&quot;image&quot;},{&quot;src&quot;:&quot;https:\\\/\\\/i0.wp.com\\\/arimep.org\\\/wp-content\\\/uploads\\\/2016\\\/01\\\/pointage3.jpg?fit=580%2C542\\u0026ssl=1&quot;,&quot;id&quot;:&quot;110&quot;,&quot;title&quot;:&quot;pointage3&quot;,&quot;alt&quot;:&quot;&quot;,&quot;caption&quot;:&quot;test de pointage&quot;,&quot;itemprop&quot;:&quot;image&quot;},{&quot;src&quot;:&quot;https:\\\/\\\/i0.wp.com\\\/arimep.org\\\/wp-content\\\/uploads\\\/2016\\\/12\\\/Bonnardel15.jpg?fit=412%2C341\\u0026ssl=1&quot;,&quot;id&quot;:&quot;774&quot;,&quot;title&quot;:&quot;Bonnardel15&quot;,&quot;alt&quot;:&quot;&quot;,&quot;caption&quot;:&quot;GUYOT G.&quot;,&quot;itemprop&quot;:&quot;image&quot;},{&quot;src&quot;:&quot;https:\\\/\\\/i0.wp.com\\\/arimep.org\\\/wp-content\\\/uploads\\\/2016\\\/02\\\/bonaparte-marie.jpg?fit=422%2C636\\u0026ssl=1&quot;,&quot;id&quot;:&quot;237&quot;,&quot;title&quot;:&quot;bonaparte marie&quot;,&quot;alt&quot;:&quot;&quot;,&quot;caption&quot;:&quot;BONAPARTE M.&quot;,&quot;itemprop&quot;:&quot;image&quot;},{&quot;src&quot;:&quot;https:\\\/\\\/i0.wp.com\\\/arimep.org\\\/wp-content\\\/uploads\\\/2017\\\/02\\\/Tests-de-Mvts-de-Galifret.jpg?fit=300%2C200\\u0026ssl=1&quot;,&quot;id&quot;:&quot;1124&quot;,&quot;title&quot;:&quot;SONY DSC&quot;,&quot;alt&quot;:&quot;&quot;,&quot;caption&quot;:&quot;Tests de mouvements \\u0026#8211; Galifret&quot;,&quot;itemprop&quot;:&quot;image&quot;},{&quot;src&quot;:&quot;https:\\\/\\\/i0.wp.com\\\/arimep.org\\\/wp-content\\\/uploads\\\/2016\\\/03\\\/H.-Wallon3.jpg?fit=655%2C962\\u0026ssl=1&quot;,&quot;id&quot;:&quot;352&quot;,&quot;title&quot;:&quot;H. Wallon3&quot;,&quot;alt&quot;:&quot;&quot;,&quot;caption&quot;:&quot;WALLON H.&quot;,&quot;itemprop&quot;:&quot;image&quot;},{&quot;src&quot;:&quot;https:\\\/\\\/i0.wp.com\\\/arimep.org\\\/wp-content\\\/uploads\\\/2016\\\/03\\\/wallon.jpg?fit=338%2C480\\u0026ssl=1&quot;,&quot;id&quot;:&quot;353&quot;,&quot;title&quot;:&quot;wallon&quot;,&quot;alt&quot;:&quot;&quot;,&quot;caption&quot;:&quot;WALLON H.&quot;,&quot;itemprop&quot;:&quot;image&quot;},{&quot;src&quot;:&quot;https:\\\/\\\/i0.wp.com\\\/arimep.org\\\/wp-content\\\/uploads\\\/2016\\\/04\\\/Delacroix.jpg?fit=274%2C404\\u0026ssl=1&quot;,&quot;id&quot;:&quot;544&quot;,&quot;title&quot;:&quot;Delacroix&quot;,&quot;alt&quot;:&quot;&quot;,&quot;caption&quot;:&quot;DELACROIX&quot;,&quot;itemprop&quot;:&quot;image&quot;},{&quot;src&quot;:&quot;https:\\\/\\\/i0.wp.com\\\/arimep.org\\\/wp-content\\\/uploads\\\/2017\\\/01\\\/HPieron.jpg?fit=354%2C499\\u0026ssl=1&quot;,&quot;id&quot;:&quot;829&quot;,&quot;title&quot;:&quot;HPieron&quot;,&quot;alt&quot;:&quot;&quot;,&quot;caption&quot;:&quot;&quot;,&quot;itemprop&quot;:&quot;image&quot;},{&quot;src&quot;:&quot;https:\\\/\\\/i0.wp.com\\\/arimep.org\\\/wp-content\\\/uploads\\\/2016\\\/03\\\/dumas.jpg?fit=538%2C764\\u0026ssl=1&quot;,&quot;id&quot;:&quot;320&quot;,&quot;title&quot;:&quot;dumas&quot;,&quot;alt&quot;:&quot;&quot;,&quot;caption&quot;:&quot;DUMAS G.&quot;,&quot;itemprop&quot;:&quot;image&quot;},{&quot;src&quot;:&quot;https:\\\/\\\/i0.wp.com\\\/arimep.org\\\/wp-content\\\/uploads\\\/2016\\\/02\\\/Halbwachs.jpg?fit=290%2C356\\u0026ssl=1&quot;,&quot;id&quot;:&quot;277&quot;,&quot;title&quot;:&quot;Halbwachs&quot;,&quot;alt&quot;:&quot;&quot;,&quot;caption&quot;:&quot;HALBWACHS M.&quot;,&quot;itemprop&quot;:&quot;image&quot;}]\" itemscope itemtype=\"https:\/\/schema.org\/ImageGallery\"><\/div>\r\n<p style=\"text-align: justify;\">\u2022 Faire conna\u00eetre l\u2019existence de ces divers objets et les conditions dans lesquelles il est possible de les consulter.<\/p>\r\n<p style=\"text-align: justify;\">\u2022 &nbsp; Agir \u00e0 chaque fois que n\u00e9cessaire pour la conservation de ces objets, en coop\u00e9ration avec tous les acteurs susceptibles d\u2019aider \u00e0 la conservation du patrimoine de la psychologie en France.<\/p>\r\n<p style=\"text-align: justify;\"><span class=\"Style6\">\u2022 &nbsp;Entretenir des relations avec les institutions et organisations fran\u00e7aises ou \u00e9trang\u00e8res agissant <\/span><span class=\"Style6\">&nbsp;dans ce m\u00eame domaine de la mus\u00e9ologie en psychologie.&nbsp;<\/span><\/p>\r\n<\/div>\r\n<div class=\"story\">\r\n<div class=\"page\" title=\"Page 1\">\r\n<div class=\"layoutArea\">\r\n<div class=\"column\">\r\n<p style=\"text-align: justify;\">&nbsp;Des fiches pr\u00e9sentant les archives de quelques psychologues c\u00e9l\u00e8bres, des fiches d\u2019appareils qui ont contribu\u00e9 \u00e0 l\u2019histoire de la recherche en psychologie et de ses applications, et des liens&nbsp;vers d\u2019autres sites relatifs \u00e0 l\u2019histoire de la discipline. Ce n\u2019est \u00e9videmment qu\u2019un d\u00e9but. Le site&nbsp;devrait s\u2019enrichir progressivement gr\u00e2ce aux contributions des membres de l\u2019ARIMEP.<\/p>\r\n<p>_______________<\/p>\r\n<p style=\"text-align: justify;\">L\u2019ARIMEP est bas\u00e9e sur les adh\u00e9sions individuelles .<\/p>\r\n<p style=\"text-align: justify;\">Elle re\u00e7oit aussi la participation d\u2019associations&nbsp; et sollicite un soutien financier des UFR et d\u00e9partements de psychologie . Mais ce soutien peut aussi se manifester par la nomination d\u2019un correspondant local de l\u2019ARIMEP et par la prise en charge financi\u00e8re de ses d\u00e9placements dans les r\u00e9unions ARIMEP.<\/p>\r\n<p>_____________<\/p>\r\n<p>&nbsp; &nbsp; Adresse du site web : <a href=\"https:\/\/arimep.org\">arimep.org<\/a><\/p>\r\n<p>_____________<\/p>\r\n<p>&nbsp; &nbsp;<strong> Composition du Conseil d&rsquo;administration<\/strong> :<\/p>\r\n<p>&nbsp; &nbsp;Sharman Levinson, pr\u00e9sidente. &nbsp;Jean Segui, vice pr\u00e9sident<br>&nbsp; &nbsp;R\u00e9gine Plas, secr\u00e9taire g\u00e9n\u00e9rale. Serge Nicolas, secr\u00e9taire g\u00e9n\u00e9ral adjoint<br>&nbsp; &nbsp; et Elisabeth Chapuis, Pierre Gaudriault, St\u00e9phane Jacob<\/p>\r\n<p style=\"text-align: justify;\">**********************************************************<\/p>\r\n<p style=\"text-align: justify;\">L&rsquo;Arimep \u00e9tait repr\u00e9sent\u00e9e par son pr\u00e9sident,&nbsp;Roger Lecuyer \u00e0 la&nbsp;<span class=\"Style21\">session d\u2019\u00e9tude <\/span>du vendredi 8 d\u00e9cembre 2017&nbsp;organis\u00e9e par le <a href=\"http:\/\/www.lecapsy.com\/\">Club des Anciens Psychologues<\/a>. <a href=\"http:\/\/www.lecapsy.com\/\">CAP&nbsp;<\/a>et le <a href=\"http:\/\/orientation.greo.free.fr\">Groupe de Recherches sur l&rsquo;Evolution de l&rsquo;Orientation<\/a>. <a href=\"http:\/\/orientation.greo.free.fr\">GREO<\/a> :&nbsp;<strong>\u00ab\u00a0Une longue marche vers le corps unique des psychologues &nbsp;<\/strong><strong>de l\u2019Education Nationale au XXe &nbsp;si\u00e8cle<\/strong>\u00a0\u00bb (<a href=\"http:\/\/orientation.greo.free.fr\">les vid\u00e9os de la rencontre<\/a>)<\/p>\r\n<p style=\"text-align: justify;\">**********************************************************<\/p>\r\n<p style=\"text-align: justify;\">L&rsquo;Arimep \u00e9tait pr\u00e9sente aux \u00ab\u00a0<strong>7\u00e8mes Entretiens de la Psychologie<\/strong>\u00a0\u00bb \u00e0 l&rsquo;<b>Universit\u00e9 Lille 3 &#8211; Du 19 au 21 octobre 2017 organis\u00e9s par&nbsp;<\/b><b><a href=\"http:\/\/www.psychologues-psychologie.net\">la F\u00e9d\u00e9ration Fran\u00e7aise des Psychologues et de la Psychologie<\/a>. <a href=\"http:\/\/www.psychologues-psychologie.net\">FFPP&nbsp;&nbsp;&nbsp;<\/a><\/b><strong><em><span style=\"font-size: 10pt;\">ARIMEP&nbsp;: Pourquoi et comment sauvegarder la m\u00e9moire de la discipline et de la profession ?<\/span><\/em><\/strong><\/p>\r\n<div id=\"comments\" class=\"comments-area\">\r\n<ul>\r\n<li><span style=\"font-size: 10pt;\"><strong>Le mus\u00e9e de l\u2019universit\u00e9 de Rennes<\/strong><\/span><br><span style=\"font-size: 10pt;\"> Christophe Quaireau, Vice-pr\u00e9sident de l\u2019Universit\u00e9 de Rennes 2 charg\u00e9 du patrimoine.<\/span><\/li>\r\n<li><span style=\"font-size: 10pt;\"><strong>Conserver le patrimoine de la Psychologie : l\u2019exp\u00e9rience de Nantes<\/strong><\/span><br><span style=\"font-size: 10pt;\"> Nad\u00e8ge Verrier, MCF \u00e0 l\u2019universit\u00e9 de Nantes.<\/span><\/li>\r\n<li><span style=\"font-size: 10pt;\"><strong>Que faire des archives des psychologues et de la psychologie ?<\/strong><\/span><br><span style=\"font-size: 10pt;\"> R\u00e9gine Plas, Professeur honoraire de l\u2019Universit\u00e9 Paris Descartes.<\/span><\/li>\r\n<li><span style=\"font-size: 10pt;\"><strong>Les archives de J-M. Lahy \u00e0 Sainte Anne<\/strong><\/span><br><span style=\"font-size: 10pt;\"> Marcel Turbiaux, R\u00e9dacteur en chef du Bulletin de Psychologie.<\/span><\/li>\r\n<li><span style=\"font-size: 10pt;\"><strong>Le dispositif \u201cCollEx-Pers\u00e9e\u201d et la valorisation des ressources documentaires en psychologie<\/strong><\/span><br><span style=\"font-size: 10pt;\"> Jean-Claude Guillemain, Conservateur de la biblioth\u00e8que Henri Pi\u00e9ron.<\/span><\/li>\r\n<li><span style=\"font-size: 10pt;\"><strong>Les archives de la psychologie et de l\u2019orientation : une ressource privil\u00e9gi\u00e9e pour saisir les enjeux de sa discipline et de son m\u00e9tier<\/strong><\/span><br><span style=\"font-size: 10pt;\"> Dominique Hocquard, Directeur de CIO retrait\u00e9, ancien pr\u00e9sident de l\u2019ACOP-F.<\/span><\/li>\r\n<li>&nbsp;<\/li>\r\n<li>*******************************************************<\/li>\r\n<\/ul>\r\n<p>&nbsp;<\/p>\r\n<\/div>\r\n<\/div>\r\n<\/div>\r\n<\/div>\r\n<\/div>\r\n<\/div>\r\n<footer class=\"entry-footer\"><span class=\"byline\"><span class=\"author vcard\"><img loading=\"lazy\" decoding=\"async\" class=\"avatar avatar-49 photo\" src=\"http:\/\/2.gravatar.com\/avatar\/20b5fce9dec78c3171d63fb39189fcd0?s=49&amp;d=mm&amp;r=g\" srcset=\"http:\/\/2.gravatar.com\/avatar\/20b5fce9dec78c3171d63fb39189fcd0?s=98&amp;d=mm&amp;r=g 2x\" alt=\"\" width=\"49\" height=\"49\"><span class=\"screen-reader-text\">Auteur&nbsp;<\/span><a class=\"url fn n\" href=\"https:\/\/arimep.org\/index.php\/author\/admin9099\/\">admin9099&nbsp;<\/a><\/span><\/span><\/footer><\/article>\r\n<footer><\/footer><footer>&nbsp;\r\n<p style=\"text-align: justify;\">&nbsp;<\/p>\r\n<\/footer>\r\n<div id=\"comments\" class=\"comments-area\">&nbsp;<\/div>\r\n\r\n<h2 class=\"wp-block-heading\">&nbsp;<\/h2>\r\n","protected":false},"excerpt":{"rendered":"<p>******************************************************* Les buts de l\u2019association ARIMEP sont les suivants : \u2022 Recenser et si possible regrouper tous les objets mat\u00e9riels ou immat\u00e9riels appartenant \u00e0 l\u2019\u00c9tat ou \u00e0 des propri\u00e9taires priv\u00e9s ou associatifs et ayant jou\u00e9s dans la recherche, l\u2019enseignement ou la pratique en psychologie, un r\u00f4le. \u2022 Faire conna\u00eetre l\u2019existence de ces divers objets et &hellip; <a href=\"https:\/\/arimep.org\/\" class=\"more-link\">Continuer la lecture<span class=\"screen-reader-text\"> de &laquo;&nbsp;ARIMEP&nbsp;&raquo;<\/span><\/a><\/p>\n","protected":false},"author":1,"featured_media":0,"parent":0,"menu_order":1,"comment_status":"closed","ping_status":"closed","template":"","meta":{"_acf_changed":false,"ngg_post_thumbnail":0,"footnotes":""},"class_list":["post-14","page","type-page","status-publish","hentry"],"acf":[],"yoast_head":"<!-- This site is optimized with the Yoast SEO plugin v27.3 - https:\/\/yoast.com\/product\/yoast-seo-wordpress\/ -->\n<title>ARIMEP ARIMEP association pour la recherche et l&#039;intervention mus\u00e9ale<\/title>\n<meta name=\"description\" content=\"buts de l&#039;association, recherche mus\u00e9ale, recensement, tests, appareils de mesure, localisation des ressources en psychologie\" \/>\n<meta name=\"robots\" content=\"index, follow, max-snippet:-1, max-image-preview:large, max-video-preview:-1\" \/>\n<link rel=\"canonical\" href=\"https:\/\/arimep.org\/\" \/>\n<meta property=\"og:locale\" content=\"fr_FR\" \/>\n<meta property=\"og:type\" content=\"article\" \/>\n<meta property=\"og:title\" content=\"ARIMEP ARIMEP association pour la recherche et l&#039;intervention mus\u00e9ale\" \/>\n<meta property=\"og:description\" content=\"buts de l&#039;association, recherche mus\u00e9ale, recensement, tests, appareils de mesure, localisation des ressources en psychologie\" \/>\n<meta property=\"og:url\" content=\"https:\/\/arimep.org\/\" \/>\n<meta property=\"og:site_name\" content=\"ARIMEP\" \/>\n<meta property=\"article:modified_time\" content=\"2025-12-17T11:53:30+00:00\" \/>\n<meta property=\"og:image\" content=\"http:\/\/arimep.org\/wp-content\/uploads\/2016\/01\/logo06.jpg\" \/>\n<meta name=\"twitter:card\" content=\"summary_large_image\" \/>\n<meta name=\"twitter:label1\" content=\"Dur\u00e9e de lecture estim\u00e9e\" \/>\n\t<meta name=\"twitter:data1\" content=\"3 minutes\" \/>\n<script type=\"application\/ld+json\" class=\"yoast-schema-graph\">{\"@context\":\"https:\\\/\\\/schema.org\",\"@graph\":[{\"@type\":\"WebPage\",\"@id\":\"https:\\\/\\\/arimep.org\\\/\",\"url\":\"https:\\\/\\\/arimep.org\\\/\",\"name\":\"ARIMEP ARIMEP association pour la recherche et l'intervention mus\u00e9ale\",\"isPartOf\":{\"@id\":\"https:\\\/\\\/arimep.org\\\/#website\"},\"primaryImageOfPage\":{\"@id\":\"https:\\\/\\\/arimep.org\\\/#primaryimage\"},\"image\":{\"@id\":\"https:\\\/\\\/arimep.org\\\/#primaryimage\"},\"thumbnailUrl\":\"http:\\\/\\\/arimep.org\\\/wp-content\\\/uploads\\\/2016\\\/01\\\/logo06.jpg\",\"datePublished\":\"2016-01-06T10:48:35+00:00\",\"dateModified\":\"2025-12-17T11:53:30+00:00\",\"description\":\"buts de l'association, recherche mus\u00e9ale, recensement, tests, appareils de mesure, localisation des ressources en psychologie\",\"breadcrumb\":{\"@id\":\"https:\\\/\\\/arimep.org\\\/#breadcrumb\"},\"inLanguage\":\"fr-FR\",\"potentialAction\":[{\"@type\":\"ReadAction\",\"target\":[\"https:\\\/\\\/arimep.org\\\/\"]}]},{\"@type\":\"ImageObject\",\"inLanguage\":\"fr-FR\",\"@id\":\"https:\\\/\\\/arimep.org\\\/#primaryimage\",\"url\":\"http:\\\/\\\/arimep.org\\\/wp-content\\\/uploads\\\/2016\\\/01\\\/logo06.jpg\",\"contentUrl\":\"http:\\\/\\\/arimep.org\\\/wp-content\\\/uploads\\\/2016\\\/01\\\/logo06.jpg\"},{\"@type\":\"BreadcrumbList\",\"@id\":\"https:\\\/\\\/arimep.org\\\/#breadcrumb\",\"itemListElement\":[{\"@type\":\"ListItem\",\"position\":1,\"name\":\"Accueil\",\"item\":\"https:\\\/\\\/arimep.org\\\/\"},{\"@type\":\"ListItem\",\"position\":2,\"name\":\"ARIMEP\"}]},{\"@type\":\"WebSite\",\"@id\":\"https:\\\/\\\/arimep.org\\\/#website\",\"url\":\"https:\\\/\\\/arimep.org\\\/\",\"name\":\"ARIMEP\",\"description\":\"Association pour la Recherche et l&#039;Intervention Mus\u00e9ale en Psychologie\",\"potentialAction\":[{\"@type\":\"SearchAction\",\"target\":{\"@type\":\"EntryPoint\",\"urlTemplate\":\"https:\\\/\\\/arimep.org\\\/?s={search_term_string}\"},\"query-input\":{\"@type\":\"PropertyValueSpecification\",\"valueRequired\":true,\"valueName\":\"search_term_string\"}}],\"inLanguage\":\"fr-FR\"}]}<\/script>\n<!-- \/ Yoast SEO plugin. -->","yoast_head_json":{"title":"ARIMEP ARIMEP association pour la recherche et l'intervention mus\u00e9ale","description":"buts de l'association, recherche mus\u00e9ale, recensement, tests, appareils de mesure, localisation des ressources en psychologie","robots":{"index":"index","follow":"follow","max-snippet":"max-snippet:-1","max-image-preview":"max-image-preview:large","max-video-preview":"max-video-preview:-1"},"canonical":"https:\/\/arimep.org\/","og_locale":"fr_FR","og_type":"article","og_title":"ARIMEP ARIMEP association pour la recherche et l'intervention mus\u00e9ale","og_description":"buts de l'association, recherche mus\u00e9ale, recensement, tests, appareils de mesure, localisation des ressources en psychologie","og_url":"https:\/\/arimep.org\/","og_site_name":"ARIMEP","article_modified_time":"2025-12-17T11:53:30+00:00","og_image":[{"url":"http:\/\/arimep.org\/wp-content\/uploads\/2016\/01\/logo06.jpg","type":"","width":"","height":""}],"twitter_card":"summary_large_image","twitter_misc":{"Dur\u00e9e de lecture estim\u00e9e":"3 minutes"},"schema":{"@context":"https:\/\/schema.org","@graph":[{"@type":"WebPage","@id":"https:\/\/arimep.org\/","url":"https:\/\/arimep.org\/","name":"ARIMEP ARIMEP association pour la recherche et l'intervention mus\u00e9ale","isPartOf":{"@id":"https:\/\/arimep.org\/#website"},"primaryImageOfPage":{"@id":"https:\/\/arimep.org\/#primaryimage"},"image":{"@id":"https:\/\/arimep.org\/#primaryimage"},"thumbnailUrl":"http:\/\/arimep.org\/wp-content\/uploads\/2016\/01\/logo06.jpg","datePublished":"2016-01-06T10:48:35+00:00","dateModified":"2025-12-17T11:53:30+00:00","description":"buts de l'association, recherche mus\u00e9ale, recensement, tests, appareils de mesure, localisation des ressources en psychologie","breadcrumb":{"@id":"https:\/\/arimep.org\/#breadcrumb"},"inLanguage":"fr-FR","potentialAction":[{"@type":"ReadAction","target":["https:\/\/arimep.org\/"]}]},{"@type":"ImageObject","inLanguage":"fr-FR","@id":"https:\/\/arimep.org\/#primaryimage","url":"http:\/\/arimep.org\/wp-content\/uploads\/2016\/01\/logo06.jpg","contentUrl":"http:\/\/arimep.org\/wp-content\/uploads\/2016\/01\/logo06.jpg"},{"@type":"BreadcrumbList","@id":"https:\/\/arimep.org\/#breadcrumb","itemListElement":[{"@type":"ListItem","position":1,"name":"Accueil","item":"https:\/\/arimep.org\/"},{"@type":"ListItem","position":2,"name":"ARIMEP"}]},{"@type":"WebSite","@id":"https:\/\/arimep.org\/#website","url":"https:\/\/arimep.org\/","name":"ARIMEP","description":"Association pour la Recherche et l&#039;Intervention Mus\u00e9ale en Psychologie","potentialAction":[{"@type":"SearchAction","target":{"@type":"EntryPoint","urlTemplate":"https:\/\/arimep.org\/?s={search_term_string}"},"query-input":{"@type":"PropertyValueSpecification","valueRequired":true,"valueName":"search_term_string"}}],"inLanguage":"fr-FR"}]}},"jetpack_sharing_enabled":true,"jetpack_shortlink":"https:\/\/wp.me\/P77Fnr-e","jetpack-related-posts":[],"_links":{"self":[{"href":"https:\/\/arimep.org\/index.php\/wp-json\/wp\/v2\/pages\/14","targetHints":{"allow":["GET"]}}],"collection":[{"href":"https:\/\/arimep.org\/index.php\/wp-json\/wp\/v2\/pages"}],"about":[{"href":"https:\/\/arimep.org\/index.php\/wp-json\/wp\/v2\/types\/page"}],"author":[{"embeddable":true,"href":"https:\/\/arimep.org\/index.php\/wp-json\/wp\/v2\/users\/1"}],"replies":[{"embeddable":true,"href":"https:\/\/arimep.org\/index.php\/wp-json\/wp\/v2\/comments?post=14"}],"version-history":[{"count":93,"href":"https:\/\/arimep.org\/index.php\/wp-json\/wp\/v2\/pages\/14\/revisions"}],"predecessor-version":[{"id":1967,"href":"https:\/\/arimep.org\/index.php\/wp-json\/wp\/v2\/pages\/14\/revisions\/1967"}],"wp:attachment":[{"href":"https:\/\/arimep.org\/index.php\/wp-json\/wp\/v2\/media?parent=14"}],"curies":[{"name":"wp","href":"https:\/\/api.w.org\/{rel}","templated":true}]}}